{"id":64,"date":"2026-03-27T19:10:14","date_gmt":"2026-03-27T19:10:14","guid":{"rendered":"https:\/\/lababertobootcamp.pt\/?page_id=64"},"modified":"2026-04-09T14:22:15","modified_gmt":"2026-04-09T14:22:15","slug":"jantar-maker","status":"publish","type":"page","link":"https:\/\/lababertobootcamp.pt\/index.php\/jantar-maker\/","title":{"rendered":"Jantar Maker"},"content":{"rendered":"\n<p><\/p>\n\n\n\n<figure class=\"wp-block-image size-large is-resized\"><img decoding=\"async\" src=\"data:image\/gif;base64,R0lGODlhAQABAAAAACH5BAEKAAEALAAAAAABAAEAAAICTAEAOw==\" data-layzr=\"https:\/\/lababertobootcamp.pt\/wp-content\/uploads\/2026\/04\/OlgaMarco-768x1024.jpeg\" alt=\"\" class=\"wp-image-710\" style=\"aspect-ratio:0.7500000178813938;width:222px;height:auto\"\/><\/figure>\n\n\n\n<p>Lisboa, mar\u00e7o de 2011. Conheceram-se na escola de hotelaria e turismo de Lisboa, a Olga e o Marco, onde ingressaram no curso de gest\u00e3o e produ\u00e7\u00e3o de cozinha e pastelaria.<br>Ap\u00f3s terem iniciado o seu percurso profissional individual, encontram-se neste momento empenhados no seu primeiro projeto em conjunto.<\/p>\n\n\n\n<p><em>Lisbon, March 2011. Olga and Marco met at the Lisbon School of Hospitality and Tourism, where they enrolled in the culinary and pastry arts management and production program.<br>After embarking on their individual professional careers, they are now working on their first joint project.<\/em><\/p>\n\n\n\n<p>Neste Jantar Maker, ir\u00e1s aprender tr\u00eas receitas, com os cozinheiros Olga e Marco, do <a href=\"https:\/\/www.facebook.com\/p\/Pico-de-Sabores-100095046565908\/\"><mark style=\"background-color:rgba(0, 0, 0, 0)\" class=\"has-inline-color has-luminous-vivid-orange-color\">Pico dos Sabores<\/mark><\/a>. <\/p>\n\n\n\n<p>O Menu ser\u00e1 o seguinte:<\/p>\n\n\n\n<blockquote class=\"wp-block-quote is-layout-flow wp-block-quote-is-layout-flow\">\n<p>Entrada: gaspacho;<\/p>\n\n\n\n<p>Prato principal: meia desfeita de bacalhau;<\/p>\n\n\n\n<p>Sobremesa: arroz doce<\/p>\n\n\n\n<p>Ch\u00e1, Caf\u00e9 e Limonada<\/p>\n\n\n\n<p><em>At this Maker Dinner, you\u2019ll learn three recipes from chefs Olga and Marco of Pico dos Sabores. <\/em><\/p>\n\n\n\n<p><em>The menu will be as follows: <\/em><\/p>\n\n\n\n<p><em>Appetizer: gazpacho; <\/em><\/p>\n\n\n\n<p><em>Main course: codfish stew; <\/em><\/p>\n\n\n\n<p><em>Dessert: rice pudding <\/em><\/p>\n\n\n\n<p><em>Tea, coffee, and lemonade<\/em><\/p>\n<\/blockquote>\n\n\n\n<figure class=\"wp-block-image size-full\"><img decoding=\"async\" src=\"data:image\/gif;base64,R0lGODlhAQABAAAAACH5BAEKAAEALAAAAAABAAEAAAICTAEAOw==\" data-layzr=\"https:\/\/lababertobootcamp.pt\/wp-content\/uploads\/2026\/04\/picoSaboresLogo.jpg\" alt=\"\" class=\"wp-image-642\"\/><\/figure>\n\n\n\n<div class=\"wp-block-buttons is-layout-flex wp-block-buttons-is-layout-flex\">\n<div class=\"wp-block-button is-style-outline is-style-outline--1\"><a class=\"wp-block-button__link wp-element-button\" href=\"https:\/\/forms.gle\/TJrKus4siYoZXGKP8\"><mark style=\"background-color:rgba(0, 0, 0, 0)\" class=\"has-inline-color has-luminous-vivid-orange-color\">Regista-te aqui \/ Register here<\/mark><\/a><\/div>\n<\/div>\n","protected":false},"excerpt":{"rendered":"<p>Lisboa, mar\u00e7o de 2011. Conheceram-se na escola de hotelaria e turismo de Lisboa, a Olga e o Marco, onde ingressaram no curso de gest\u00e3o e produ\u00e7\u00e3o de cozinha e pastelaria.Ap\u00f3s terem iniciado o seu percurso profissional individual, encontram-se neste momento empenhados no seu primeiro projeto em conjunto. Lisbon, March 2011. Olga and Marco met at &hellip; <\/p>\n","protected":false},"author":1,"featured_media":0,"parent":0,"menu_order":0,"comment_status":"closed","ping_status":"closed","template":"","meta":{"footnotes":""},"class_list":["post-64","page","type-page","status-publish","hentry","latest_post"],"_links":{"self":[{"href":"https:\/\/lababertobootcamp.pt\/index.php\/wp-json\/wp\/v2\/pages\/64","targetHints":{"allow":["GET"]}}],"collection":[{"href":"https:\/\/lababertobootcamp.pt\/index.php\/wp-json\/wp\/v2\/pages"}],"about":[{"href":"https:\/\/lababertobootcamp.pt\/index.php\/wp-json\/wp\/v2\/types\/page"}],"author":[{"embeddable":true,"href":"https:\/\/lababertobootcamp.pt\/index.php\/wp-json\/wp\/v2\/users\/1"}],"replies":[{"embeddable":true,"href":"https:\/\/lababertobootcamp.pt\/index.php\/wp-json\/wp\/v2\/comments?post=64"}],"version-history":[{"count":14,"href":"https:\/\/lababertobootcamp.pt\/index.php\/wp-json\/wp\/v2\/pages\/64\/revisions"}],"predecessor-version":[{"id":718,"href":"https:\/\/lababertobootcamp.pt\/index.php\/wp-json\/wp\/v2\/pages\/64\/revisions\/718"}],"wp:attachment":[{"href":"https:\/\/lababertobootcamp.pt\/index.php\/wp-json\/wp\/v2\/media?parent=64"}],"curies":[{"name":"wp","href":"https:\/\/api.w.org\/{rel}","templated":true}]}}