{"id":571,"date":"2026-04-08T13:00:08","date_gmt":"2026-04-08T13:00:08","guid":{"rendered":"https:\/\/lababertobootcamp.pt\/?page_id=571"},"modified":"2026-04-08T17:35:21","modified_gmt":"2026-04-08T17:35:21","slug":"social","status":"publish","type":"page","link":"https:\/\/lababertobootcamp.pt\/index.php\/social\/","title":{"rendered":"Social"},"content":{"rendered":"\n<p>Esta \u00e1rea social inclui almo\u00e7os, intervalos, jantar maker, \u00e1rea de demonstra\u00e7\u00e3o, festa, jogos tradicionais e piquenique. Tudo isto est\u00e1 integrado na agenda em baixo.<\/p>\n\n\n\n<p><em>This social area includes lunch, breaks, dinner, a demonstration area, parties, traditional games and picnic<\/em>. <em>This is embedded in the agenda (see bellow).<\/em><\/p>\n\n\n\n<div class=\"wp-block-buttons is-layout-flex wp-block-buttons-is-layout-flex\">\n<div class=\"wp-block-button is-style-outline is-style-outline--1\"><a class=\"wp-block-button__link wp-element-button\" href=\"https:\/\/forms.gle\/TJrKus4siYoZXGKP8\"><mark style=\"background-color:rgba(0, 0, 0, 0)\" class=\"has-inline-color has-luminous-vivid-orange-color\">Regista-te aqui \/ Register here<\/mark><\/a><\/div>\n<\/div>\n\n\n\n<figure class=\"wp-block-table\"><table class=\"has-fixed-layout\"><tbody><tr><td><strong>Agenda<\/strong><br><\/td><td><strong>Avalia\u00e7\u00e3o FAB LAB HN<br><em>FAB LAB HN Assessment<\/em><\/strong><\/td><td><strong>Confer\u00eancia<\/strong><br><strong><em>Conference<\/em><\/strong><\/td><td><strong>Confer\u00eancia<\/strong><br><strong><em>Conference<\/em><\/strong><\/td><td><strong>Encontro Nacional FAB LAB<br><em>National FAB LAB Meeting<\/em><\/strong><\/td><\/tr><tr><td>Data<br><em>Date<\/em><\/td><td>15\/16 Julho<br><em>July 15\/16<\/em><\/td><td>17 julho<br><em>July 17<\/em><\/td><td>18 julho<br><em>July 18<\/em><\/td><td><\/td><\/tr><tr><td>8:00<\/td><td><\/td><td>Recep\u00e7\u00e3o do participantes <br><em>Participants reception<\/em><\/td><td>Recep\u00e7\u00e3o do participantes <br><em>Participants reception<\/em><\/td><td><\/td><\/tr><tr><td>8:45<\/td><td><\/td><td>In\u00edcio<br><em>Start<\/em><\/td><td>In\u00edcio<br><em>Start<\/em><\/td><td><\/td><\/tr><tr><td>9:00<\/td><td><\/td><td>Palestras \/ Talks<\/td><td>Palestras \/ Talks<\/td><td>Recep\u00e7\u00e3o do participantes <br><em>Participants reception<\/em><\/td><\/tr><tr><td>10:00<\/td><td>Reuni\u00e3o da equipa<br>Team meeting<\/td><td>Debate<\/td><td>Debate<\/td><td>In\u00edcio<br><em>Start<\/em><\/td><\/tr><tr><td>10:30<\/td><td>Visita ao FAB LAB HN <br><em>FAB LAB HN visit<\/em><\/td><td>An\u00fancios<br><em>Annoucements<br><br><\/em>Intervalo<br><em>Break<\/em><\/td><td>An\u00fancios<br><em>Annoucements<br><br><\/em>Intervalo<br><em>Break<\/em><\/td><td>Palestras \/ Talks<\/td><\/tr><tr><td>11:00<\/td><td>Discuss\u00e3o equipa FAB LAB HN<br><em>FAB LAB HN team discussion<\/em><\/td><td>Oficinas<br><em>Workshops<\/em><\/td><td>Oficinas<br><em>Workshops<\/em><\/td><td>Debate<\/td><\/tr><tr><td>12:30<\/td><td>Almo\u00e7o<br><em>Lunch<\/em><\/td><td>Almo\u00e7o<br><em>Lunch<\/em><\/td><td>Almo\u00e7o<br><em>Lunch<\/em><\/td><td>Piquenique<br><em>picnic<\/em><\/td><\/tr><tr><td>14:00<\/td><td>FAB LAB HN users discussion<\/td><td>Oficinas<br><em>Workshops<\/em><\/td><td>Torres Inov-E Debate<br><br>Oficinas<br><em>Workshops<\/em><\/td><td>Jogos Tradicionais<br><em>Traditional Games<\/em><\/td><\/tr><tr><td>15:30<\/td><td>FAB LAB HN users discussion<\/td><td>Intervalo<br><em>Break<\/em><\/td><td>Intervalo<br><em>Break<\/em><\/td><td>Jogos Tradicionais<br><em>Traditional Games<\/em><\/td><\/tr><tr><td>16:00<\/td><td>FAB LAB HN users discussion<\/td><td>Oficinas<br><em>Workshops<\/em><\/td><td>Oficinas<br><em>Workshops<\/em><\/td><td>Encerramento<br><em>Closing<\/em><\/td><\/tr><tr><td>17:30<\/td><td>Assessment team report<\/td><td>Resumo<br><em>Wrap up<\/em><\/td><td>Encerramento<br><em>Closing<\/em><\/td><td><\/td><\/tr><tr><td>18:00<\/td><td><\/td><td><\/td><td><\/td><td><\/td><\/tr><tr><td>19:00<\/td><td><\/td><td>Maker Dinner<\/td><td><\/td><td><\/td><\/tr><tr><td>21:00<\/td><td><br><\/td><td>Festa Maker<br>Maker Party<\/td><td><\/td><td><\/td><\/tr><\/tbody><\/table><\/figure>\n\n\n\n<p><\/p>\n\n\n\n<div class=\"wp-block-buttons is-layout-flex wp-block-buttons-is-layout-flex\">\n<div class=\"wp-block-button is-style-outline is-style-outline--2\"><a class=\"wp-block-button__link wp-element-button\" href=\"https:\/\/forms.gle\/TJrKus4siYoZXGKP8\"><mark style=\"background-color:rgba(0, 0, 0, 0)\" class=\"has-inline-color has-luminous-vivid-orange-color\">Regista-te aqui \/ Register here<\/mark><\/a><\/div>\n<\/div>\n","protected":false},"excerpt":{"rendered":"<p>Esta \u00e1rea social inclui almo\u00e7os, intervalos, jantar maker, \u00e1rea de demonstra\u00e7\u00e3o, festa, jogos tradicionais e piquenique. Tudo isto est\u00e1 integrado na agenda em baixo. This social area includes lunch, breaks, dinner, a demonstration area, parties, traditional games and picnic. This is embedded in the agenda (see bellow). Agenda Avalia\u00e7\u00e3o FAB LAB HNFAB LAB HN Assessment &hellip; <\/p>\n","protected":false},"author":1,"featured_media":0,"parent":0,"menu_order":0,"comment_status":"closed","ping_status":"closed","template":"","meta":{"footnotes":""},"class_list":["post-571","page","type-page","status-publish","hentry","latest_post"],"_links":{"self":[{"href":"https:\/\/lababertobootcamp.pt\/index.php\/wp-json\/wp\/v2\/pages\/571","targetHints":{"allow":["GET"]}}],"collection":[{"href":"https:\/\/lababertobootcamp.pt\/index.php\/wp-json\/wp\/v2\/pages"}],"about":[{"href":"https:\/\/lababertobootcamp.pt\/index.php\/wp-json\/wp\/v2\/types\/page"}],"author":[{"embeddable":true,"href":"https:\/\/lababertobootcamp.pt\/index.php\/wp-json\/wp\/v2\/users\/1"}],"replies":[{"embeddable":true,"href":"https:\/\/lababertobootcamp.pt\/index.php\/wp-json\/wp\/v2\/comments?post=571"}],"version-history":[{"count":10,"href":"https:\/\/lababertobootcamp.pt\/index.php\/wp-json\/wp\/v2\/pages\/571\/revisions"}],"predecessor-version":[{"id":637,"href":"https:\/\/lababertobootcamp.pt\/index.php\/wp-json\/wp\/v2\/pages\/571\/revisions\/637"}],"wp:attachment":[{"href":"https:\/\/lababertobootcamp.pt\/index.php\/wp-json\/wp\/v2\/media?parent=571"}],"curies":[{"name":"wp","href":"https:\/\/api.w.org\/{rel}","templated":true}]}}