{"id":45,"date":"2026-03-27T08:50:18","date_gmt":"2026-03-27T08:50:18","guid":{"rendered":"https:\/\/lababertobootcamp.pt\/?page_id=45"},"modified":"2026-04-20T11:03:05","modified_gmt":"2026-04-20T11:03:05","slug":"avaliacao-externa-fab-lab-hn","status":"publish","type":"page","link":"https:\/\/lababertobootcamp.pt\/index.php\/avaliacao-externa-fab-lab-hn\/","title":{"rendered":"FAB LAB HN"},"content":{"rendered":"\n<figure class=\"wp-block-gallery has-nested-images columns-5 is-cropped wp-block-gallery-1 is-layout-flex wp-block-gallery-is-layout-flex\">\n<figure class=\"wp-block-image size-medium\"><img decoding=\"async\" data-id=\"933\" src=\"data:image\/gif;base64,R0lGODlhAQABAAAAACH5BAEKAAEALAAAAAABAAEAAAICTAEAOw==\" data-layzr=\"https:\/\/lababertobootcamp.pt\/wp-content\/uploads\/2026\/04\/IMG-4507-300x225.jpg\" alt=\"\" class=\"wp-image-933\"\/><\/figure>\n\n\n\n<figure class=\"wp-block-image size-medium\"><img decoding=\"async\" data-id=\"932\" src=\"data:image\/gif;base64,R0lGODlhAQABAAAAACH5BAEKAAEALAAAAAABAAEAAAICTAEAOw==\" data-layzr=\"https:\/\/lababertobootcamp.pt\/wp-content\/uploads\/2026\/04\/IMG-4492-300x225.jpg\" alt=\"\" class=\"wp-image-932\"\/><\/figure>\n\n\n\n<figure class=\"wp-block-image size-medium\"><img decoding=\"async\" data-id=\"931\" src=\"data:image\/gif;base64,R0lGODlhAQABAAAAACH5BAEKAAEALAAAAAABAAEAAAICTAEAOw==\" data-layzr=\"https:\/\/lababertobootcamp.pt\/wp-content\/uploads\/2026\/04\/IMG-4489-300x225.jpg\" alt=\"\" class=\"wp-image-931\"\/><\/figure>\n\n\n\n<figure class=\"wp-block-image size-medium\"><img decoding=\"async\" data-id=\"922\" src=\"data:image\/gif;base64,R0lGODlhAQABAAAAACH5BAEKAAEALAAAAAABAAEAAAICTAEAOw==\" data-layzr=\"https:\/\/lababertobootcamp.pt\/wp-content\/uploads\/2026\/04\/IMG_6775-300x225.jpg\" alt=\"\" class=\"wp-image-922\"\/><\/figure>\n\n\n\n<figure class=\"wp-block-image size-medium\"><img decoding=\"async\" data-id=\"923\" src=\"data:image\/gif;base64,R0lGODlhAQABAAAAACH5BAEKAAEALAAAAAABAAEAAAICTAEAOw==\" data-layzr=\"https:\/\/lababertobootcamp.pt\/wp-content\/uploads\/2026\/04\/IMG_6855-300x225.jpg\" alt=\"\" class=\"wp-image-923\"\/><\/figure>\n\n\n\n<figure class=\"wp-block-image size-medium\"><img decoding=\"async\" data-id=\"924\" src=\"data:image\/gif;base64,R0lGODlhAQABAAAAACH5BAEKAAEALAAAAAABAAEAAAICTAEAOw==\" data-layzr=\"https:\/\/lababertobootcamp.pt\/wp-content\/uploads\/2026\/04\/IMG_6984-300x225.jpg\" alt=\"\" class=\"wp-image-924\"\/><\/figure>\n\n\n\n<figure class=\"wp-block-image size-medium\"><img decoding=\"async\" data-id=\"925\" src=\"data:image\/gif;base64,R0lGODlhAQABAAAAACH5BAEKAAEALAAAAAABAAEAAAICTAEAOw==\" data-layzr=\"https:\/\/lababertobootcamp.pt\/wp-content\/uploads\/2026\/04\/IMG_6988-300x225.jpg\" alt=\"\" class=\"wp-image-925\"\/><\/figure>\n\n\n\n<figure class=\"wp-block-image size-medium\"><img decoding=\"async\" data-id=\"934\" src=\"data:image\/gif;base64,R0lGODlhAQABAAAAACH5BAEKAAEALAAAAAABAAEAAAICTAEAOw==\" data-layzr=\"https:\/\/lababertobootcamp.pt\/wp-content\/uploads\/2026\/04\/6D7FAE83-6DE4-4C8E-8400-181B73A749E5-300x169.jpg\" alt=\"\" class=\"wp-image-934\"\/><\/figure>\n\n\n\n<figure class=\"wp-block-image size-medium\"><img decoding=\"async\" data-id=\"930\" src=\"data:image\/gif;base64,R0lGODlhAQABAAAAACH5BAEKAAEALAAAAAABAAEAAAICTAEAOw==\" data-layzr=\"https:\/\/lababertobootcamp.pt\/wp-content\/uploads\/2026\/04\/IMG_7144-300x225.jpg\" alt=\"\" class=\"wp-image-930\"\/><\/figure>\n\n\n\n<figure class=\"wp-block-image size-medium\"><img decoding=\"async\" data-id=\"935\" src=\"data:image\/gif;base64,R0lGODlhAQABAAAAACH5BAEKAAEALAAAAAABAAEAAAICTAEAOw==\" data-layzr=\"https:\/\/lababertobootcamp.pt\/wp-content\/uploads\/2026\/04\/CA1F1055-DC77-46E9-B9A9-7BA6AA3D5C4A-300x169.jpg\" alt=\"\" class=\"wp-image-935\"\/><\/figure>\n\n\n\n<figure class=\"wp-block-image size-medium\"><img decoding=\"async\" data-id=\"926\" src=\"data:image\/gif;base64,R0lGODlhAQABAAAAACH5BAEKAAEALAAAAAABAAEAAAICTAEAOw==\" data-layzr=\"https:\/\/lababertobootcamp.pt\/wp-content\/uploads\/2026\/04\/IMG_6989-300x225.jpg\" alt=\"\" class=\"wp-image-926\"\/><\/figure>\n\n\n\n<figure class=\"wp-block-image size-medium\"><img decoding=\"async\" data-id=\"929\" src=\"data:image\/gif;base64,R0lGODlhAQABAAAAACH5BAEKAAEALAAAAAABAAEAAAICTAEAOw==\" data-layzr=\"https:\/\/lababertobootcamp.pt\/wp-content\/uploads\/2026\/04\/IMG_7096-300x225.jpg\" alt=\"\" class=\"wp-image-929\"\/><\/figure>\n\n\n\n<figure class=\"wp-block-image size-medium\"><img decoding=\"async\" data-id=\"928\" src=\"data:image\/gif;base64,R0lGODlhAQABAAAAACH5BAEKAAEALAAAAAABAAEAAAICTAEAOw==\" data-layzr=\"https:\/\/lababertobootcamp.pt\/wp-content\/uploads\/2026\/04\/IMG_7060-300x225.jpg\" alt=\"\" class=\"wp-image-928\"\/><\/figure>\n\n\n\n<figure class=\"wp-block-image size-medium\"><img decoding=\"async\" data-id=\"927\" src=\"data:image\/gif;base64,R0lGODlhAQABAAAAACH5BAEKAAEALAAAAAABAAEAAAICTAEAOw==\" data-layzr=\"https:\/\/lababertobootcamp.pt\/wp-content\/uploads\/2026\/04\/IMG_6991-300x225.jpg\" alt=\"\" class=\"wp-image-927\"\/><\/figure>\n\n\n\n<figure class=\"wp-block-image size-medium\"><img decoding=\"async\" data-id=\"936\" src=\"data:image\/gif;base64,R0lGODlhAQABAAAAACH5BAEKAAEALAAAAAABAAEAAAICTAEAOw==\" data-layzr=\"https:\/\/lababertobootcamp.pt\/wp-content\/uploads\/2026\/04\/fab8-300x225.jpeg\" alt=\"\" class=\"wp-image-936\"\/><\/figure>\n\n\n\n<figure class=\"wp-block-image size-medium\"><img decoding=\"async\" data-id=\"937\" src=\"data:image\/gif;base64,R0lGODlhAQABAAAAACH5BAEKAAEALAAAAAABAAEAAAICTAEAOw==\" data-layzr=\"https:\/\/lababertobootcamp.pt\/wp-content\/uploads\/2026\/04\/fablabHN_2-225x300.jpeg\" alt=\"\" class=\"wp-image-937\"\/><\/figure>\n\n\n\n<figure class=\"wp-block-image size-medium\"><img decoding=\"async\" data-id=\"938\" src=\"data:image\/gif;base64,R0lGODlhAQABAAAAACH5BAEKAAEALAAAAAABAAEAAAICTAEAOw==\" data-layzr=\"https:\/\/lababertobootcamp.pt\/wp-content\/uploads\/2026\/04\/FABLABHN_9-225x300.jpeg\" alt=\"\" class=\"wp-image-938\"\/><\/figure>\n\n\n\n<figure class=\"wp-block-image size-medium\"><img decoding=\"async\" data-id=\"951\" src=\"data:image\/gif;base64,R0lGODlhAQABAAAAACH5BAEKAAEALAAAAAABAAEAAAICTAEAOw==\" data-layzr=\"https:\/\/lababertobootcamp.pt\/wp-content\/uploads\/2026\/04\/labAbertobootcamp2022-300x290.png\" alt=\"\" class=\"wp-image-951\"\/><\/figure>\n\n\n\n<figure class=\"wp-block-image size-medium\"><img decoding=\"async\" data-id=\"948\" src=\"data:image\/gif;base64,R0lGODlhAQABAAAAACH5BAEKAAEALAAAAAABAAEAAAICTAEAOw==\" data-layzr=\"https:\/\/lababertobootcamp.pt\/wp-content\/uploads\/2026\/04\/fablabhn_2024-1448x1086-1-300x225.jpg\" alt=\"\" class=\"wp-image-948\"\/><\/figure>\n<\/figure>\n\n\n\n<h2 class=\"wp-block-heading\"><strong>Vis\u00e3o Geral do Projeto e Avalia\u00e7\u00e3o Final<\/strong><\/h2>\n\n\n\n<p>Este projeto \u00e9 desenvolvido desde 2026, em parceria com o Agrupamento de Escolas Henriques Nogueira, a C\u00e2mara Municipal de Torres Vedras e o Lab Aberto FAB LAB, est\u00e1 agora na fase de autonomia e ir\u00e1 terminar em julho, durante o LAB ABERTO BOOTCAMP 2026, com a \u00faltima reuni\u00e3o de avalia\u00e7\u00e3o externa.<\/p>\n\n\n\n<h2 class=\"wp-block-heading\">Avalia\u00e7\u00e3o e participantes<\/h2>\n\n\n\n<p>Este ano ser\u00e3o tr\u00eas os avaliadores, repetentes de 2022 e 2024. A reuni\u00e3o ir\u00e1 contar com a presen\u00e7a de todos os que participaram, direta ou indiretamente no desenvolvimento do projeto, nomeadamente:<\/p>\n\n\n\n<ul class=\"wp-block-list\">\n<li>reperesentantes da edilidade, <\/li>\n\n\n\n<li>empresas e particulares, <\/li>\n\n\n\n<li>e toda a comunidade educativa. <\/li>\n<\/ul>\n\n\n\n<p><strong>Relat\u00f3rio Final<\/strong><\/p>\n\n\n\n<p>No fim, haver\u00e1 um relat\u00f3rio final que pretende descrever o estado do projeto e as possibilidades de futuro. A Liz, a Hanne e o Mikko, s\u00e3o este ano os repons\u00e1veis por esse relat\u00f3rio.<\/p>\n\n\n\n<hr class=\"wp-block-separator has-alpha-channel-opacity\"\/>\n\n\n\n<h2 class=\"wp-block-heading\"><strong>Project Overview &amp; Final Evaluation<\/strong><\/h2>\n\n\n\n<p>This project has been under development since 2026, in partnership with the <strong>Henriques Nogueira School Group<\/strong>, the <strong>Torres Vedras City Council<\/strong>, and <strong>Lab Aberto FAB LAB<\/strong>. It has now reached the autonomy phase and is set to conclude in July during the <strong>LAB ABERTO BOOTCAMP 2026<\/strong>, coinciding with the final external evaluation meeting.<\/p>\n\n\n\n<h3 class=\"wp-block-heading\"><strong>Evaluation &amp; Participants<\/strong><\/h3>\n\n\n\n<p>This year, there will be three evaluators\u2014all returning from the 2022 and 2024 editions. The meeting will be attended by everyone who participated, directly or indirectly, in the project&#8217;s development, including:<\/p>\n\n\n\n<ul class=\"wp-block-list\">\n<li><strong>Local government representatives<\/strong> (the municipality);<\/li>\n\n\n\n<li><strong>Companies and private individuals<\/strong>;<\/li>\n\n\n\n<li><strong>The entire educational community<\/strong>.<\/li>\n<\/ul>\n\n\n\n<h3 class=\"wp-block-heading\"><strong>The Final Report<\/strong><\/h3>\n\n\n\n<p>To wrap up the initiative, a final report will be produced to describe the current state of the project and its future potential. <strong>Liz, Hanne, and Mikko<\/strong> are the ones responsible for drafting this report this year.<\/p>\n\n\n\n<figure class=\"wp-block-gallery has-nested-images columns-default is-cropped wp-block-gallery-2 is-layout-flex wp-block-gallery-is-layout-flex\">\n<figure class=\"wp-block-image size-large\"><img decoding=\"async\" data-id=\"843\" src=\"data:image\/gif;base64,R0lGODlhAQABAAAAACH5BAEKAAEALAAAAAABAAEAAAICTAEAOw==\" data-layzr=\"https:\/\/lababertobootcamp.pt\/wp-content\/uploads\/2026\/04\/HanneAndersen.jpg\" alt=\"\" class=\"wp-image-843\"\/><figcaption class=\"wp-element-caption\">Hanne<\/figcaption><\/figure>\n\n\n\n<figure class=\"wp-block-image size-large\"><img decoding=\"async\" data-id=\"841\" src=\"data:image\/gif;base64,R0lGODlhAQABAAAAACH5BAEKAAEALAAAAAABAAEAAAICTAEAOw==\" data-layzr=\"https:\/\/lababertobootcamp.pt\/wp-content\/uploads\/2026\/04\/mikkoRajanen.jpg\" alt=\"\" class=\"wp-image-841\"\/><figcaption class=\"wp-element-caption\">Mikko, Oulu university<\/figcaption><\/figure>\n\n\n\n<figure class=\"wp-block-image size-large\"><img decoding=\"async\" data-id=\"838\" src=\"data:image\/gif;base64,R0lGODlhAQABAAAAACH5BAEKAAEALAAAAAABAAEAAAICTAEAOw==\" data-layzr=\"https:\/\/lababertobootcamp.pt\/wp-content\/uploads\/2026\/04\/Liz_Whitewolf.png\" alt=\"\" class=\"wp-image-838\"\/><figcaption class=\"wp-element-caption\">Liz, Edu FAB<\/figcaption><\/figure>\n<\/figure>\n\n\n\n<p><\/p>\n","protected":false},"excerpt":{"rendered":"<p>Vis\u00e3o Geral do Projeto e Avalia\u00e7\u00e3o Final Este projeto \u00e9 desenvolvido desde 2026, em parceria com o Agrupamento de Escolas Henriques Nogueira, a C\u00e2mara Municipal de Torres Vedras e o Lab Aberto FAB LAB, est\u00e1 agora na fase de autonomia e ir\u00e1 terminar em julho, durante o LAB ABERTO BOOTCAMP 2026, com a \u00faltima reuni\u00e3o &hellip; <\/p>\n","protected":false},"author":1,"featured_media":0,"parent":0,"menu_order":0,"comment_status":"closed","ping_status":"closed","template":"","meta":{"footnotes":""},"class_list":["post-45","page","type-page","status-publish","hentry","latest_post"],"_links":{"self":[{"href":"https:\/\/lababertobootcamp.pt\/index.php\/wp-json\/wp\/v2\/pages\/45","targetHints":{"allow":["GET"]}}],"collection":[{"href":"https:\/\/lababertobootcamp.pt\/index.php\/wp-json\/wp\/v2\/pages"}],"about":[{"href":"https:\/\/lababertobootcamp.pt\/index.php\/wp-json\/wp\/v2\/types\/page"}],"author":[{"embeddable":true,"href":"https:\/\/lababertobootcamp.pt\/index.php\/wp-json\/wp\/v2\/users\/1"}],"replies":[{"embeddable":true,"href":"https:\/\/lababertobootcamp.pt\/index.php\/wp-json\/wp\/v2\/comments?post=45"}],"version-history":[{"count":10,"href":"https:\/\/lababertobootcamp.pt\/index.php\/wp-json\/wp\/v2\/pages\/45\/revisions"}],"predecessor-version":[{"id":1073,"href":"https:\/\/lababertobootcamp.pt\/index.php\/wp-json\/wp\/v2\/pages\/45\/revisions\/1073"}],"wp:attachment":[{"href":"https:\/\/lababertobootcamp.pt\/index.php\/wp-json\/wp\/v2\/media?parent=45"}],"curies":[{"name":"wp","href":"https:\/\/api.w.org\/{rel}","templated":true}]}}