{"id":166,"date":"2026-03-29T21:38:15","date_gmt":"2026-03-29T21:38:15","guid":{"rendered":"https:\/\/lababertobootcamp.pt\/?page_id=166"},"modified":"2026-04-08T17:31:54","modified_gmt":"2026-04-08T17:31:54","slug":"palestras-2","status":"publish","type":"page","link":"https:\/\/lababertobootcamp.pt\/index.php\/palestras-2\/","title":{"rendered":"Palestras \/ Talks"},"content":{"rendered":"\n<p>As <strong>palestras est\u00e3o divididas por tr\u00eas dias<\/strong>, entre a confer\u00eancia e o Encontro Nacional de FAB LAB, e em tr\u00eas temas. Durante a confer\u00eancia, nos dias 17 e 18 de julho, haver\u00e1 um conjunto de quatro palestras sobre os temas:<\/p>\n\n\n\n<p><\/p>\n\n\n\n<ul class=\"wp-block-list\">\n<li><a href=\"https:\/\/lababertobootcamp.pt\/index.php\/palestras\/\"><mark style=\"background-color:rgba(0, 0, 0, 0)\" class=\"has-inline-color has-luminous-vivid-orange-color\">Espa\u00e7os Flex\u00edveis de Aprendizagem<\/mark><\/a>, Alexandra e a Kathrin;<\/li>\n\n\n\n<li><a href=\"https:\/\/lababertobootcamp.pt\/index.php\/palestras-18-de-julho\/\"><mark style=\"background-color:rgba(0, 0, 0, 0)\" class=\"has-inline-color has-luminous-vivid-orange-color\">Bem estar Mental<\/mark><\/a>, Ingrid<\/li>\n\n\n\n<li><a href=\"https:\/\/lababertobootcamp.pt\/index.php\/palestras-18-de-julho\/\"><mark style=\"background-color:rgba(0, 0, 0, 0)\" class=\"has-inline-color has-luminous-vivid-orange-color\">Startup<\/mark><\/a>, Gulbahar<\/li>\n<\/ul>\n\n\n\n<p><em>The <strong>talks are spread over three days<\/strong>\u2014during the conference and the National FAB LAB Meeting\u2014and cover three themes. During the conference, on July 17 and 18, there will be a series of four talks on the following topics:<\/em><\/p>\n\n\n\n<p><\/p>\n\n\n\n<ul class=\"wp-block-list\">\n<li><em>Flexible Learning Spaces, Alexandra and Kathrin;<\/em><\/li>\n\n\n\n<li><em>Mental Well-being, Ingrid;<\/em><\/li>\n\n\n\n<li><em>Startups, Gulbahar<\/em><\/li>\n<\/ul>\n\n\n\n<div class=\"wp-block-buttons is-layout-flex wp-block-buttons-is-layout-flex\">\n<div class=\"wp-block-button is-style-outline is-style-outline--1\"><a class=\"wp-block-button__link wp-element-button\" href=\"https:\/\/forms.gle\/TJrKus4siYoZXGKP8\"><mark style=\"background-color:rgba(0, 0, 0, 0)\" class=\"has-inline-color has-luminous-vivid-orange-color\">Regista-te aqui \/ Register here<\/mark><\/a><\/div>\n<\/div>\n\n\n\n<hr class=\"wp-block-separator has-alpha-channel-opacity\"\/>\n\n\n\n<p>No <strong><a href=\"https:\/\/lababertobootcamp.pt\/index.php\/encontro-nacional-fab-lab\/\"><mark style=\"background-color:rgba(0, 0, 0, 0)\" class=\"has-inline-color has-luminous-vivid-orange-color\">encontro Nacional de FAB LAB<\/mark><\/a><\/strong>, ir\u00e3o ocorrer quatro palestras, um an\u00fancio e debate:<\/p>\n\n\n\n<ul class=\"wp-block-list\">\n<li>O que aprendemos em 10 anos de FAB LAB?, Joaquim Abreu, Fab Lab Guarda, IPGuarda;<\/li>\n\n\n\n<li>(a anunciar), Pedro Pinto, FAB LAB Portalegre, IPPortalegre<\/li>\n\n\n\n<li>(a confirmar) Raia FAB LAB<\/li>\n\n\n\n<li>(a confirmar) Andr\u00e9 Martins, FAB LAB Lisboa<\/li>\n\n\n\n<li>An\u00fancio da Maker Faire do Porto;<\/li>\n\n\n\n<li>Debate, moderado pelo Andr\u00e9 Martins<\/li>\n<\/ul>\n\n\n\n<p><\/p>\n\n\n\n<p>Depois haver\u00e1 um <strong>piquenique e jogos tradicionais<\/strong>.<\/p>\n\n\n\n<ul class=\"wp-block-list\">\n<li><em>At the National FAB LAB Meeting, there will be four presentations, an announcement, and a discussion:<\/em><\/li>\n\n\n\n<li><em>What Have We Learned in 10 Years of FAB LAB?, Joaquim Abreu, Fab Lab Guarda, IPGuarda;<\/em><\/li>\n\n\n\n<li><em>(to be announced), Pedro Pinto, FAB LAB Portalegre, IPPortalegre<\/em><\/li>\n\n\n\n<li><em>(to be confirmed) Raia FAB LAB<\/em><\/li>\n\n\n\n<li><em>(to be confirmed) Andr\u00e9 Martins, FAB LAB Lisboa<\/em><\/li>\n\n\n\n<li><em>Announcement of Maker Faire Porto;<\/em><\/li>\n\n\n\n<li><em>Discussion, moderated by Andr\u00e9 Martins<\/em><\/li>\n<\/ul>\n\n\n\n<p><\/p>\n\n\n\n<p>Afterward, there will be a <strong>picnic and traditional games<\/strong>.<\/p>\n\n\n\n<div class=\"wp-block-buttons is-layout-flex wp-block-buttons-is-layout-flex\">\n<div class=\"wp-block-button is-style-outline is-style-outline--2\"><a class=\"wp-block-button__link wp-element-button\" href=\"https:\/\/forms.gle\/TJrKus4siYoZXGKP8\"><mark style=\"background-color:rgba(0, 0, 0, 0)\" class=\"has-inline-color has-luminous-vivid-orange-color\">Regista-te aqui \/ Register here<\/mark><\/a><\/div>\n<\/div>\n","protected":false},"excerpt":{"rendered":"<p>As palestras est\u00e3o divididas por tr\u00eas dias, entre a confer\u00eancia e o Encontro Nacional de FAB LAB, e em tr\u00eas temas. Durante a confer\u00eancia, nos dias 17 e 18 de julho, haver\u00e1 um conjunto de quatro palestras sobre os temas: The talks are spread over three days\u2014during the conference and the National FAB LAB Meeting\u2014and &hellip; <\/p>\n","protected":false},"author":1,"featured_media":0,"parent":0,"menu_order":0,"comment_status":"closed","ping_status":"closed","template":"","meta":{"footnotes":""},"class_list":["post-166","page","type-page","status-publish","hentry","latest_post"],"_links":{"self":[{"href":"https:\/\/lababertobootcamp.pt\/index.php\/wp-json\/wp\/v2\/pages\/166","targetHints":{"allow":["GET"]}}],"collection":[{"href":"https:\/\/lababertobootcamp.pt\/index.php\/wp-json\/wp\/v2\/pages"}],"about":[{"href":"https:\/\/lababertobootcamp.pt\/index.php\/wp-json\/wp\/v2\/types\/page"}],"author":[{"embeddable":true,"href":"https:\/\/lababertobootcamp.pt\/index.php\/wp-json\/wp\/v2\/users\/1"}],"replies":[{"embeddable":true,"href":"https:\/\/lababertobootcamp.pt\/index.php\/wp-json\/wp\/v2\/comments?post=166"}],"version-history":[{"count":16,"href":"https:\/\/lababertobootcamp.pt\/index.php\/wp-json\/wp\/v2\/pages\/166\/revisions"}],"predecessor-version":[{"id":634,"href":"https:\/\/lababertobootcamp.pt\/index.php\/wp-json\/wp\/v2\/pages\/166\/revisions\/634"}],"wp:attachment":[{"href":"https:\/\/lababertobootcamp.pt\/index.php\/wp-json\/wp\/v2\/media?parent=166"}],"curies":[{"name":"wp","href":"https:\/\/api.w.org\/{rel}","templated":true}]}}

<p>As <strong>palestras estão divididas por três dias</strong>, entre a conferência e o Encontro Nacional de FAB LAB, e em três temas. Durante a conferência, nos dias 17 e 18 de julho, haverá um conjunto de quatro palestras sobre os temas:</p>



<p></p>



<ul class="wp-block-list">
<li><a href="https://lababertobootcamp.pt/index.php/palestras/"><mark style="background-color:rgba(0, 0, 0, 0)" class="has-inline-color has-luminous-vivid-orange-color">Espaços Flexíveis de Aprendizagem</mark></a>, Alexandra e a Kathrin;</li>



<li><a href="https://lababertobootcamp.pt/index.php/palestras-18-de-julho/"><mark style="background-color:rgba(0, 0, 0, 0)" class="has-inline-color has-luminous-vivid-orange-color">Bem estar Mental</mark></a>, Ingrid</li>



<li><a href="https://lababertobootcamp.pt/index.php/palestras-18-de-julho/"><mark style="background-color:rgba(0, 0, 0, 0)" class="has-inline-color has-luminous-vivid-orange-color">Startup</mark></a>, Gulbahar</li>
</ul>



<p><em>The <strong>talks are spread over three days</strong>—during the conference and the National FAB LAB Meeting—and cover three themes. During the conference, on July 17 and 18, there will be a series of four talks on the following topics:</em></p>



<p></p>



<ul class="wp-block-list">
<li><em>Flexible Learning Spaces, Alexandra and Kathrin;</em></li>



<li><em>Mental Well-being, Ingrid;</em></li>



<li><em>Startups, Gulbahar</em></li>
</ul>



<div class="wp-block-buttons is-layout-flex wp-block-buttons-is-layout-flex">
<div class="wp-block-button is-style-outline is-style-outline--1"><a class="wp-block-button__link wp-element-button" href="https://forms.gle/TJrKus4siYoZXGKP8"><mark style="background-color:rgba(0, 0, 0, 0)" class="has-inline-color has-luminous-vivid-orange-color">Regista-te aqui / Register here</mark></a></div>
</div>



<hr class="wp-block-separator has-alpha-channel-opacity"/>



<p>No <strong><a href="https://lababertobootcamp.pt/index.php/encontro-nacional-fab-lab/"><mark style="background-color:rgba(0, 0, 0, 0)" class="has-inline-color has-luminous-vivid-orange-color">encontro Nacional de FAB LAB</mark></a></strong>, irão ocorrer quatro palestras, um anúncio e debate:</p>



<ul class="wp-block-list">
<li>O que aprendemos em 10 anos de FAB LAB?, Joaquim Abreu, Fab Lab Guarda, IPGuarda;</li>



<li>(a anunciar), Pedro Pinto, FAB LAB Portalegre, IPPortalegre</li>



<li>(a confirmar) Raia FAB LAB</li>



<li>(a confirmar) André Martins, FAB LAB Lisboa</li>



<li>Anúncio da Maker Faire do Porto;</li>



<li>Debate, moderado pelo André Martins</li>
</ul>



<p></p>



<p>Depois haverá um <strong>piquenique e jogos tradicionais</strong>.</p>



<ul class="wp-block-list">
<li><em>At the National FAB LAB Meeting, there will be four presentations, an announcement, and a discussion:</em></li>



<li><em>What Have We Learned in 10 Years of FAB LAB?, Joaquim Abreu, Fab Lab Guarda, IPGuarda;</em></li>



<li><em>(to be announced), Pedro Pinto, FAB LAB Portalegre, IPPortalegre</em></li>



<li><em>(to be confirmed) Raia FAB LAB</em></li>



<li><em>(to be confirmed) André Martins, FAB LAB Lisboa</em></li>



<li><em>Announcement of Maker Faire Porto;</em></li>



<li><em>Discussion, moderated by André Martins</em></li>
</ul>



<p></p>



<p>Afterward, there will be a <strong>picnic and traditional games</strong>.</p>



<div class="wp-block-buttons is-layout-flex wp-block-buttons-is-layout-flex">
<div class="wp-block-button is-style-outline is-style-outline--2"><a class="wp-block-button__link wp-element-button" href="https://forms.gle/TJrKus4siYoZXGKP8"><mark style="background-color:rgba(0, 0, 0, 0)" class="has-inline-color has-luminous-vivid-orange-color">Regista-te aqui / Register here</mark></a></div>
</div>

<p>As palestras estão divididas por três dias, entre a conferência e o Encontro Nacional de FAB LAB, e em três temas. Durante a conferência, nos dias 17 e 18 de julho, haverá um conjunto de quatro palestras sobre os temas: The talks are spread over three days—during the conference and the National FAB LAB Meeting—and &hellip; </p>
